mine w(-34).
-79
Let o(s) = -s**3 - 5*s**2 + 3*s - 166. Calculate o(-8).
2
Let q(i) = i**3 + 36*i**2 + 41*i + 314. What is q(-35)?
104
Let a(f) = f**3 + 23*f**2 + 26*f + 1899. Calculate a(-25).
-1
Let u(c) = -36*c - 859. Calculate u(-16).
-283
Let z(l) = -16*l + 1091. Determine z(74).
-93
Let w(a) = 3*a + 414. Calculate w(-57).
243
Let f(i) = i**3 - 15*i**2 + 74*i - 847. What is f(14)?
-7
Let m(r) = -32*r + 117. Calculate m(4).
-11
Let x(b) = b**3 - 12*b**2 - 2822*b + 39118. Determine x(14).
2
Let d(z) = 6*z**2 - 35*z + 213. Give d(12).
657
Let k(q) = q**3 - 67*q**2 - 123*q - 1006. Determine k(69).
29
Let m(h) = -73*h + 938. Give m(13).
-11
Let f(n) = 3*n**3 + 16*n**2 - 52*n - 47. Calculate f(-7).
72
Let n(y) = -y**3 - 46*y**2 + 36*y + 3705. Give n(-45).
60
Let b(x) = -24*x**2 - 2*x + 5. Calculate b(-3).
-205
Let r(i) = i**3 + 10*i**2 + 14*i + 22. Give r(-9).
-23
Let g(d) = -17*d + 549. Give g(30).
39
Let h(u) = -2249*u + 13559. Calculate h(6).
65
Let l(j) = 5*j**2 - 53*j - 22. Calculate l(11).
0
Let p(l) = -13*l + 115. Give p(8).
11
Let y(a) = -148*a + 614. Determine y(4).
22
Let w(f) = 303*f + 50. What is w(-1)?
-253
Let j(d) = 52*d + 1445. What is j(-28)?
-11
Let k(n) = -44*n + 21. Give k(6).
-243
Let w(q) = -5*q - 40. What is w(14)?
-110
Let g(m) = 157*m + 1264. What is g(-8)?
8
Let j(d) = -2*d**3 - 42*d**2 + 25*d - 208. Determine j(-22).
210
Let w(u) = u**2 - 26*u + 110. Give w(20).
-10
Let k(i) = -6*i - 97. Determine k(-5).
-67
Let m(i) = -i**2 - 24*i + 59. Calculate m(-24).
59
Let k(l) = l**2 - 32*l + 255. Calculate k(15).
0
Let d(n) = -8*n**2 + 182*n - 31. Calculate d(20).
409
Let o(w) = -5*w**2 - 27*w - 41. Determine o(-5).
-31
Let u(v) = v**3 + v**2 - 33*v - 17. Give u(-6).
1
Let p(j) = -439*j - 72422. Calculate p(-165).
13
Let m(a) = -14*a**2 - 58*a + 339. Calculate m(4).
-117
Let i(o) = o**3 - 9*o**2 + 2*o + 42. What is i(3)?
-6
Let k(a) = 38*a**2 + 16*a + 56. What is k(4)?
728
Let o(u) = -u**3 + 63*u**2 - 488*u + 4. Calculate o(9).
-14
Let d(s) = 562*s + 3404. Calculate d(-6).
32
Let t(z) = -1071*z - 110309. Give t(-103).
4
Let t(g) = g**3 + 10*g**2 + 4*g + 6. Give t(-7).
125
Let x(r) = r**3 - 67*r**2 + 123*r + 274. Calculate x(65).
-181
Let m(a) = -2*a**2 - 140*a - 783. Give m(-64).
-15
Let x(v) = 24*v - 214. Calculate x(12).
74
Let i(t) = -t**3 - 18*t**2 + 94*t + 1093. Calculate i(-20).
13
Let j(u) = -u**3 - 86*u**2 + 269*u + 86. Determine j(-89).
-92
Let d(h) = -h**3 - 86*h**2 - 81*h + 256. Give d(-85).
-84
Let h(d) = -6*d - 283. What is h(-32)?
-91
Let j(y) = -4*y**2 + 468*y + 2950. Give j(123).
-2
Let p(u) = -12*u**3 + 779*u**2 + 66*u - 56. Calculate p(65).
9
Let r(f) = -2*f**2 + 63*f - 244. Give r(27).
-1
Let v(d) = 603*d - 1772. What is v(3)?
37
Let k(h) = 44*h + 67. Calculate k(-7).
-241
Let p(c) = -c**3 + 35*c**2 - 67*c + 2. What is p(33)?
-31
Let t(a) = 554*a - 6640. Calculate t(12).
8
Let k(f) = -f**3 + 129*f**2 + 157*f - 3438. Give k(130).
72
Let n(b) = 2*b**2 - 37*b + 120. Give n(14).
-6
Let h(p) = -178*p - 6413. Give h(-36).
-5
Let n(f) = -f**3 - 27*f**2 + 27*f - 54. Give n(-28).
-26
Let x(f) = 2*f**3 - 5*f**2 - 14*f - 53. Calculate x(6).
115
Let o(s) = 308*s + 3037. What is o(-10)?
-43
Let f(h) = 11*h**3 - 15*h**2 + 7*h - 17. Determine f(4).
475
Let m(l) = -306*l - 1240. Determine m(-4).
-16
Let d(p) = -82*p**2 + 31*p + 93. Calculate d(-3).
-738
Let r(d) = -301*d + 938. Calculate r(4).
-266
Let a(y) = y**2 + 16*y + 25. What is a(-2)?
-3
Let r(q) = 3*q**3 - 32*q**2 - 10*q + 4. Calculate r(11).
15
Let d(o) = -20*o + 150. Give d(7).
10
Let w(d) = -d**2 + 4*d + 4. Calculate w(8).
-28
Let n(q) = 18*q**2 + 324*q - 17. Determine n(-18).
-17
Let r(n) = -2*n**2 + 3*n + 69. Give r(13).
-230
Let z(m) = -112*m**2 - 37*m - 26. Give z(-1).
-101
Let l(i) = i**2 + 52*i + 585. Calculate l(-17).
-10
Let t(z) = 357*z + 31777. Give t(-89).
4
Let t(g) = -3*g**2 - 3*g + 9. What is t(2)?
-9
Let z(i) = 3*i**3 - 27*i**2 + i - 12. Determine z(10).
298
Let m(j) = -3*j**3 + j - 106. What is m(0)?
-106
Let k(v) = -3*v**3 - 148*v**2 - 51*v - 246. Calculate k(-49).
-148
Let z(v) = 2*v**2 - 9*v - 11. Determine z(9).
70
Let w(v) = v**3 + 2*v**2 - 19*v - 31. Calculate w(-6).
-61
Let h(z) = -13*z**2 - 27*z + 5. Calculate h(2).
-101
Let j(y) = -y**3 + 33*y**2 + 30*y + 206. Calculate j(34).
70
Let m(j) = 3*j**3 - 28*j**2 - 25*j + 39. Calculate m(10).
-11
Let i(y) = -y**2 + 277*y - 200. What is i(0)?
-200
Let q(j) = 2*j**3 - 55*j**2 - 20*j - 290. Calculate q(28).
-66
Let b(d) = -21*d + 490. Calculate b(24).
-14
Let n(b) = -81*b + 3455. Determine n(42).
53
Let p(c) = c**3 - 19*c**2 + 77*c - 38. Determine p(8).
-126
Let n(r) = -118*r**2 - 16*r - 9. Calculate n(-2).
-449
Let l(u) = -u**3 + 242*u + 901. What is l(-4)?
-3
Let k(d) = -6*d**2 + 1089*d + 5023. Calculate k(186).
1
Let v(n) = -41*n + 503. Calculate v(12).
11
Let o(u) = 6*u**2 + 36*u + 35. Give o(-6).
35
Let y(a) = 6*a**2 + 751*a + 61. What is y(-125)?
-64
Let x(z) = z**3 + 60*z**2 + 232*z + 397. Give x(-56).
-51
Let q(h) = -13*h**2 - 682*h + 357. Give q(-53).
-14
Let i(o) = 3*o**2 + 362*o - 506. Give i(-122).
-18
Let h(m) = m**3 - 34*m**2 - 9*m + 301. What is h(34)?
-5
Let p(y) = y**2 + 29*y + 64. Calculate p(-13).
-144
Let k(r) = -3*r**2 - 294*r - 6009. Give k(-29).
-6
Let n(s) = 1074*s + 8622. What is n(-8)?
30
Let b(g) = -2*g**3 + 9*g**2 + 53*g - 41. Give b(-5).
169
Let s(r) = -4*r - 74. Calculate s(-23).
18
Let v(u) = -287*u - 4023. Give v(-14).
-5
Let l(y) = -1700*y**2 + 1690*y + 4. What is l(1)?
-6
Let w(a) = -169*a + 4832. Calculate w(29).
-69
Let b(d) = -1848*d - 9235. Determine b(-5).
5
Let w(z) = z**3 - 12*z**2 + 2*z - 19. Determine w(11).
-118
Let b(g) = -35*g - 1344. Give b(-40).
56
Let i(r) = 8*r + 271. Calculate i(-34).
-1
Let z(t) = 515*t**2 + 3607*t + 22. Give z(-7).
8
Let t(d) = d**3 + 30*d**2 - 66*d + 11. What is t(-32)?
75
Let c(h) = -21*h + 114. Give c(6).
-12
Let o(b) = 2*b**3 - 155*b**2 + 83*b - 479. Give o(77).
-17
Let x(z) = 2*z**3 + 16*z**2 - 105*z + 121. Calculate x(3).
4
Let f(d) = -d**2 - 294*d - 8849. What is f(-34)?
-9
Let t(u) = -u**3 - 65*u**2 + 349*u - 57. What is t(-70)?
13
Let l(k) = 2*k**3 + 2*k**2 - 5*k - 7. Give l(-2).
-5
Let f(q) = 3*q + 273. Calculate f(-86).
15
Let c(i) = -i**2 - 779*i + 7883. Calculate c(10).
-7
Let h(t) = 22*t - 298. What is h(12)?
-34
Let a(i) = -i**2 + 107*i - 1938. Calculate a(84).
-6
Let f(w) = -1082*w + 89819. What is f(83)?
13
Let k(o) = 2*o**2 + 287*o + 8905. Determine k(-98).
-13
Let s(m) = m**3 + 121*m**2 + 124*m + 620. Give s(-120).
140
Let n(o) = -o**3 - 20*o**2 - 18*o - 6. What is n(-19)?
-25
Let p(u) = -5*u**2 + 33*u - 6. What is p(5)?
34
Let y(c) = -1410*c - 117022. Determine y(-83).
8
Let u(t) = 2*t**3 - 12*t**2 + 17*t - 3. What is u(5)?
32
Let z(h) = -279*h - 1946. Calculate z(-7).
7
Let k(u) = -u**2 - 10*u + 180. What is k(11)?
-51
Let v(a) = 329*a + 2393. Determine v(-7).
90
Let d(q) = 44*q + 2279. What is d(-45)?
299
Let y(s) = 7*s**2 + 40*s + 65. Calculate y(-7).
128
Let k(t) = -t**3 - 8*t**2 - 18*t + 11. Give k(-4).
19
Let l(v) = 56*v - 1464. What is l(26)?
-8
Let s(a) = -2*a**3 + a**2 + 18*a + 5. What is s(-5)?
190
Let k(g) = 2*g**2 - 16*g + 3. What is k(8)?
3
Let x(g) = 2*g**2 + 369*g - 16663. Calculate x(-222).
-13
Let v(i) = 4*i**2 + 422*i + 3490. What is v(-9)?
16
Let k(q) = q**2 + 241*q + 6160. Calculate k(-29).
12
Let d(s) = 19*s**2 + 1200*s + 187. Give d(-63).
-2
Let o(x) = x**2 + 22*x - 135. Calculate o(6).
33
Let l(w) = 2*w**3 - 33*w**2 - 25*w + 21. Calculate l(17).
-115
Let l(k) = -1986*k + 53615. Calculate l(27).
-7
Let c(d) = -20*d**2 - 2096*d + 400. Give c(-105).
-20
Let m(z) = -13*z**3 - 2*z**2 - 37*z - 115. What is m(-3)?
329
Let t(x) = x**3 - 53*x**2 + 21*x - 1093. What is t(53)?
20
Let t(z) = z**2 - 17*z - 67. Give t(21).
17
Let v(u) = 3*u**2 - 10*u - 70. What is v(-4)?
18
Let g(d) = 5*d**2 - 14*d - 3. Calculate g(2).
-11
Let s(b) = 16*b**2 - 221*b + 173. Calculate s(13).
4
Let q(y) = -242*y - 4842. Determine q(-20).
-2
Let g(u) = -u**2 + 523*u + 92821. Calculate g(-140).
1
Let x(y) = -10*y**2 - 7*y - 48. What is x(-8)?
-632
Let k(o) = 77*o + 1. Calculate k(9).
694
Let o(b) = 67*b - 1538. What is o(23)?
3
Let l(y) = 2*y**2 + 14*y + 6. Calculate l(11).
402
Let l(y) = y**2 - 2*y - 168. Determine 